{"id":2,"date":"2025-08-04T11:11:11","date_gmt":"2025-08-04T11:11:11","guid":{"rendered":"https:\/\/smakapatjust.se\/?page_id=2"},"modified":"2026-03-25T13:41:35","modified_gmt":"2026-03-25T12:41:35","slug":"sample-page","status":"publish","type":"page","link":"https:\/\/smakapatjust.se\/","title":{"rendered":"Smaka p\u00e5 Tjust 2026"},"content":{"rendered":"\n<p class=\"has-base-color has-accent-1-background-color has-text-color has-background has-link-color has-large-font-size wp-elements-7f9620fad060ba1686bcb0a2b5de69f9\">\u00c5RSM\u00d6TE &#8211; 15 april kl 18.00 Tjustbio i Gamleby. Anm\u00e4l senast 10 april p\u00e5 sms till 076 247 96 15. <a href=\"https:\/\/smakapatjust.se\/wp-content\/uploads\/2026\/03\/Skanning_20260308-scaled.png\">Ladda ner inbjudan&gt;&gt;<\/a><\/p>\n\n\n\n<figure class=\"wp-block-image size-full\"><img loading=\"lazy\" decoding=\"async\" width=\"2492\" height=\"906\" src=\"https:\/\/smakapatjust.se\/wp-content\/uploads\/2026\/03\/toppbild_2026_jpg.jpg\" alt=\"\" class=\"wp-image-977\" srcset=\"https:\/\/smakapatjust.se\/wp-content\/uploads\/2026\/03\/toppbild_2026_jpg.jpg 2492w, https:\/\/smakapatjust.se\/wp-content\/uploads\/2026\/03\/toppbild_2026_jpg-300x109.jpg 300w, https:\/\/smakapatjust.se\/wp-content\/uploads\/2026\/03\/toppbild_2026_jpg-1024x372.jpg 1024w, https:\/\/smakapatjust.se\/wp-content\/uploads\/2026\/03\/toppbild_2026_jpg-768x279.jpg 768w, https:\/\/smakapatjust.se\/wp-content\/uploads\/2026\/03\/toppbild_2026_jpg-1536x558.jpg 1536w, https:\/\/smakapatjust.se\/wp-content\/uploads\/2026\/03\/toppbild_2026_jpg-2048x745.jpg 2048w\" sizes=\"auto, (max-width: 2492px) 100vw, 2492px\" \/><\/figure>\n\n\n\n<p>Bes\u00f6k Kultur- och sk\u00f6rdefesten <strong>Smaka p\u00e5 Tjust<\/strong>. <br>Smaka, lyssna, dofta, titta och k\u00e4nn p\u00e5 vad mat- och konsthantverkare har att erbjuda runt om i bygderna. Arrangemanget, det<strong>&nbsp;tjugonde <\/strong>i ordningen, p\u00e5g\u00e5r i dagarna tv\u00e5 och syftar till att stimulera intresset f\u00f6r mat och kultur, b\u00e5de hos konsumenter och producenter.&nbsp;<\/p>\n\n\n\n<p>Bes\u00f6k oss:<\/p>\n\n\n\n<ul class=\"wp-block-list\">\n<li>L\u00f6rdag 19 september kl 10-16<\/li>\n\n\n\n<li>S\u00f6ndag 20 september kl 10-16<\/li>\n<\/ul>\n\n\n\n<p>Programmet kommer som mittuppslag i tidningen Lokala livet i Tjustbygden.<\/p>\n\n\n\n<div style=\"height:10px\" aria-hidden=\"true\" class=\"wp-block-spacer\"><\/div>\n\n\n\n<div id=\"travelersmap-container-69e5804e948a5\" class=\"travelersmap-container\" style=\"z-index: 1; min-height: 10px; min-width:10px; height:600px;width:100%; max-width:; max-height:; position:relative;\"><div style=\"position:absolute; z-index:-1;top: 50%;text-align: center;display: block;left: 50%;transform: translate(-50%,-50%);\">Travelers' Map is loading...<br>If you see this after your page is loaded completely, leafletJS files are missing.<\/div><\/div>\n\n\n\n<p><br><\/p>\n\n\n\n<p class=\"has-text-align-center\">Med st\u00f6d fr\u00e5n: <\/p>\n\n\n\n<figure class=\"wp-block-image aligncenter size-large is-resized\"><img loading=\"lazy\" decoding=\"async\" width=\"1024\" height=\"243\" src=\"https:\/\/smakapatjust.se\/wp-content\/uploads\/2025\/12\/kontor-1-rad-Sparbanken-spira-svart-text-1024x243.png\" alt=\"\" class=\"wp-image-951\" style=\"width:380px;height:auto\" srcset=\"https:\/\/smakapatjust.se\/wp-content\/uploads\/2025\/12\/kontor-1-rad-Sparbanken-spira-svart-text-1024x243.png 1024w, https:\/\/smakapatjust.se\/wp-content\/uploads\/2025\/12\/kontor-1-rad-Sparbanken-spira-svart-text-300x71.png 300w, https:\/\/smakapatjust.se\/wp-content\/uploads\/2025\/12\/kontor-1-rad-Sparbanken-spira-svart-text-768x182.png 768w, https:\/\/smakapatjust.se\/wp-content\/uploads\/2025\/12\/kontor-1-rad-Sparbanken-spira-svart-text-1536x365.png 1536w, https:\/\/smakapatjust.se\/wp-content\/uploads\/2025\/12\/kontor-1-rad-Sparbanken-spira-svart-text-2048x487.png 2048w\" sizes=\"auto, (max-width: 1024px) 100vw, 1024px\" \/><\/figure>\n","protected":false},"excerpt":{"rendered":"<p>\u00c5RSM\u00d6TE &#8211; 15 april kl 18.00 Tjustbio i Gamleby. Anm\u00e4l senast 10 april p\u00e5 sms till 076 247 96 15. Ladda ner inbjudan&gt;&gt; Bes\u00f6k Kultur- och sk\u00f6rdefesten Smaka p\u00e5 Tjust. Smaka, lyssna, dofta, titta och k\u00e4nn p\u00e5 vad mat- och konsthantverkare har att erbjuda runt om i bygderna. Arrangemanget, det&nbsp;tjugonde i ordningen, p\u00e5g\u00e5r i dagarna [&hellip;]<\/p>\n","protected":false},"author":1,"featured_media":0,"parent":0,"menu_order":0,"comment_status":"closed","ping_status":"open","template":"","meta":{"pgc_sgb_lightbox_settings":"","footnotes":""},"class_list":["post-2","page","type-page","status-publish","hentry"],"_links":{"self":[{"href":"https:\/\/smakapatjust.se\/index.php\/wp-json\/wp\/v2\/pages\/2","targetHints":{"allow":["GET"]}}],"collection":[{"href":"https:\/\/smakapatjust.se\/index.php\/wp-json\/wp\/v2\/pages"}],"about":[{"href":"https:\/\/smakapatjust.se\/index.php\/wp-json\/wp\/v2\/types\/page"}],"author":[{"embeddable":true,"href":"https:\/\/smakapatjust.se\/index.php\/wp-json\/wp\/v2\/users\/1"}],"replies":[{"embeddable":true,"href":"https:\/\/smakapatjust.se\/index.php\/wp-json\/wp\/v2\/comments?post=2"}],"version-history":[{"count":19,"href":"https:\/\/smakapatjust.se\/index.php\/wp-json\/wp\/v2\/pages\/2\/revisions"}],"predecessor-version":[{"id":978,"href":"https:\/\/smakapatjust.se\/index.php\/wp-json\/wp\/v2\/pages\/2\/revisions\/978"}],"wp:attachment":[{"href":"https:\/\/smakapatjust.se\/index.php\/wp-json\/wp\/v2\/media?parent=2"}],"curies":[{"name":"wp","href":"https:\/\/api.w.org\/{rel}","templated":true}]}}